{"id":291,"date":"2020-07-20T08:47:06","date_gmt":"2020-07-20T06:47:06","guid":{"rendered":"https:\/\/lesheuresheureuses.be\/index.php\/contact\/"},"modified":"2024-01-03T11:12:44","modified_gmt":"2024-01-03T10:12:44","slug":"contact","status":"publish","type":"page","link":"https:\/\/lesheuresheureuses.be\/index.php\/contact\/","title":{"rendered":"Contact"},"content":{"rendered":"\t\t<div data-elementor-type=\"wp-page\" data-elementor-id=\"291\" class=\"elementor elementor-291\">\n\t\t\t\t\t\t<section class=\"elementor-section elementor-top-section elementor-element elementor-element-8775478 elementor-section-boxed elementor-section-height-default elementor-section-height-default\" data-id=\"8775478\" data-element_type=\"section\" data-settings=\"{&quot;background_background&quot;:&quot;classic&quot;}\">\n\t\t\t\t\t\t\t<div class=\"elementor-background-overlay\"><\/div>\n\t\t\t\t\t\t\t<div class=\"elementor-container elementor-column-gap-no\">\n\t\t\t\t\t<div class=\"elementor-column elementor-col-100 elementor-top-column elementor-element elementor-element-baf78e9\" data-id=\"baf78e9\" data-element_type=\"column\">\n\t\t\t<div class=\"elementor-widget-wrap elementor-element-populated\">\n\t\t\t\t\t\t<div class=\"elementor-element elementor-element-b3c08ad elementor-widget elementor-widget-heading\" data-id=\"b3c08ad\" data-element_type=\"widget\" data-widget_type=\"heading.default\">\n\t\t\t\t<div class=\"elementor-widget-container\">\n\t\t\t<h1 class=\"elementor-heading-title elementor-size-default\">Contact<\/h1>\t\t<\/div>\n\t\t\t\t<\/div>\n\t\t\t\t\t<\/div>\n\t\t<\/div>\n\t\t\t\t\t<\/div>\n\t\t<\/section>\n\t\t\t\t<section class=\"elementor-section elementor-top-section elementor-element elementor-element-f5d5f9d elementor-section-boxed elementor-section-height-default elementor-section-height-default\" data-id=\"f5d5f9d\" data-element_type=\"section\" data-settings=\"{&quot;background_background&quot;:&quot;classic&quot;}\">\n\t\t\t\t\t\t<div class=\"elementor-container elementor-column-gap-no\">\n\t\t\t\t\t<div class=\"elementor-column elementor-col-50 elementor-top-column elementor-element elementor-element-5aebf8e\" data-id=\"5aebf8e\" data-element_type=\"column\">\n\t\t\t<div class=\"elementor-widget-wrap elementor-element-populated\">\n\t\t\t\t\t\t<div class=\"elementor-element elementor-element-d62cd8f elementor-widget__width-auto elementor-widget elementor-widget-heading\" data-id=\"d62cd8f\" data-element_type=\"widget\" data-widget_type=\"heading.default\">\n\t\t\t\t<div class=\"elementor-widget-container\">\n\t\t\t<h6 class=\"elementor-heading-title elementor-size-default\">Les Heures Heureuses<\/h6>\t\t<\/div>\n\t\t\t\t<\/div>\n\t\t\t\t<div class=\"elementor-element elementor-element-728a33f elementor-widget__width-auto elementor-widget-divider--view-line elementor-widget elementor-widget-divider\" data-id=\"728a33f\" data-element_type=\"widget\" data-widget_type=\"divider.default\">\n\t\t\t\t<div class=\"elementor-widget-container\">\n\t\t\t\t\t<div class=\"elementor-divider\">\n\t\t\t<span class=\"elementor-divider-separator\">\n\t\t\t\t\t\t<\/span>\n\t\t<\/div>\n\t\t\t\t<\/div>\n\t\t\t\t<\/div>\n\t\t\t\t<div class=\"elementor-element elementor-element-ee57f49 elementor-widget elementor-widget-heading\" data-id=\"ee57f49\" data-element_type=\"widget\" data-widget_type=\"heading.default\">\n\t\t\t\t<div class=\"elementor-widget-container\">\n\t\t\t<h2 class=\"elementor-heading-title elementor-size-default\">Ecrivez-nous !<\/h2>\t\t<\/div>\n\t\t\t\t<\/div>\n\t\t\t\t\t<\/div>\n\t\t<\/div>\n\t\t\t\t<div class=\"elementor-column elementor-col-50 elementor-top-column elementor-element elementor-element-f914a0c\" data-id=\"f914a0c\" data-element_type=\"column\">\n\t\t\t<div class=\"elementor-widget-wrap elementor-element-populated\">\n\t\t\t\t\t\t<div class=\"elementor-element elementor-element-d9fb5f9 elementor-widget elementor-widget-shortcode\" data-id=\"d9fb5f9\" data-element_type=\"widget\" data-widget_type=\"shortcode.default\">\n\t\t\t\t<div class=\"elementor-widget-container\">\n\t\t\t\t\t<div class=\"elementor-shortcode\">[wpforms id=\"10\"]\t<\/div>\n\t\t\t\t<\/div>\n\t\t\t\t<\/div>\n\t\t\t\t\t<\/div>\n\t\t<\/div>\n\t\t\t\t\t<\/div>\n\t\t<\/section>\n\t\t\t\t<section class=\"elementor-section elementor-top-section elementor-element elementor-element-172d9f4 elementor-section-boxed elementor-section-height-default elementor-section-height-default\" data-id=\"172d9f4\" data-element_type=\"section\" data-settings=\"{&quot;background_background&quot;:&quot;classic&quot;}\">\n\t\t\t\t\t\t\t<div class=\"elementor-background-overlay\"><\/div>\n\t\t\t\t\t\t\t<div class=\"elementor-container elementor-column-gap-no\">\n\t\t\t\t\t<div class=\"elementor-column elementor-col-100 elementor-top-column elementor-element elementor-element-93fed7d\" data-id=\"93fed7d\" data-element_type=\"column\">\n\t\t\t<div class=\"elementor-widget-wrap elementor-element-populated\">\n\t\t\t\t\t\t<div class=\"elementor-element elementor-element-f33da59 elementor-widget elementor-widget-google_maps\" data-id=\"f33da59\" data-element_type=\"widget\" data-widget_type=\"google_maps.default\">\n\t\t\t\t<div class=\"elementor-widget-container\">\n\t\t\t\t\t<div class=\"elementor-custom-embed\">\n\t\t\t<iframe loading=\"lazy\"\n\t\t\t\t\tsrc=\"https:\/\/maps.google.com\/maps?q=Chemin%20des%20primev%C3%A8res%2022A%2C%207800%20Ath&#038;t=m&#038;z=10&#038;output=embed&#038;iwloc=near\"\n\t\t\t\t\ttitle=\"Chemin des primev\u00e8res 22A, 7800 Ath\"\n\t\t\t\t\taria-label=\"Chemin des primev\u00e8res 22A, 7800 Ath\"\n\t\t\t><\/iframe>\n\t\t<\/div>\n\t\t\t\t<\/div>\n\t\t\t\t<\/div>\n\t\t\t\t\t<\/div>\n\t\t<\/div>\n\t\t\t\t\t<\/div>\n\t\t<\/section>\n\t\t\t\t<\/div>\n\t\t","protected":false},"excerpt":{"rendered":"<p>Contact Les Heures Heureuses Ecrivez-nous ! [wpforms id=\u00a0\u00bb10&Prime;]<\/p>\n","protected":false},"author":1,"featured_media":0,"parent":0,"menu_order":0,"comment_status":"closed","ping_status":"open","template":"","meta":{"site-sidebar-layout":"no-sidebar","site-content-layout":"page-builder","ast-global-header-display":"","ast-main-header-display":"","ast-hfb-above-header-display":"","ast-hfb-below-header-display":"","ast-hfb-mobile-header-display":"","site-post-title":"disabled","ast-breadcrumbs-content":"disabled","ast-featured-img":"disabled","footer-sml-layout":"","theme-transparent-header-meta":"enabled","adv-header-id-meta":"","stick-header-meta":"","header-above-stick-meta":"","header-main-stick-meta":"","header-below-stick-meta":"","footnotes":""},"class_list":["post-291","page","type-page","status-publish","hentry"],"yoast_head":"<!-- This site is optimized with the Yoast SEO plugin v23.7 - https:\/\/yoast.com\/wordpress\/plugins\/seo\/ -->\n<title>Contact | Centre d&#039;accueil de jour situ\u00e9 \u00e0 Ath<\/title>\n<meta name=\"description\" content=\"Vous souhaitez avoir plus d&#039;information sur notre ASBL Les Heures Heureuses? Contactez-nous d\u00e8s maintenant!\" \/>\n<meta name=\"robots\" content=\"index, follow, max-snippet:-1, max-image-preview:large, max-video-preview:-1\" \/>\n<link rel=\"canonical\" href=\"https:\/\/lesheuresheureuses.be\/index.php\/contact\/\" \/>\n<meta property=\"og:locale\" content=\"fr_FR\" \/>\n<meta property=\"og:type\" content=\"article\" \/>\n<meta property=\"og:title\" content=\"Contact | Centre d&#039;accueil de jour situ\u00e9 \u00e0 Ath\" \/>\n<meta property=\"og:description\" content=\"Vous souhaitez avoir plus d&#039;information sur notre ASBL Les Heures Heureuses? Contactez-nous d\u00e8s maintenant!\" \/>\n<meta property=\"og:url\" content=\"https:\/\/lesheuresheureuses.be\/index.php\/contact\/\" \/>\n<meta property=\"og:site_name\" content=\"Les heures heureuses\" \/>\n<meta property=\"article:modified_time\" content=\"2024-01-03T10:12:44+00:00\" \/>\n<meta name=\"twitter:card\" content=\"summary_large_image\" \/>\n<meta name=\"twitter:label1\" content=\"Dur\u00e9e de lecture estim\u00e9e\" \/>\n\t<meta name=\"twitter:data1\" content=\"1 minute\" \/>\n<script type=\"application\/ld+json\" class=\"yoast-schema-graph\">{\"@context\":\"https:\/\/schema.org\",\"@graph\":[{\"@type\":\"WebPage\",\"@id\":\"https:\/\/lesheuresheureuses.be\/index.php\/contact\/\",\"url\":\"https:\/\/lesheuresheureuses.be\/index.php\/contact\/\",\"name\":\"Contact | Centre d'accueil de jour situ\u00e9 \u00e0 Ath\",\"isPartOf\":{\"@id\":\"https:\/\/lesheuresheureuses.be\/#website\"},\"datePublished\":\"2020-07-20T06:47:06+00:00\",\"dateModified\":\"2024-01-03T10:12:44+00:00\",\"description\":\"Vous souhaitez avoir plus d'information sur notre ASBL Les Heures Heureuses? Contactez-nous d\u00e8s maintenant!\",\"breadcrumb\":{\"@id\":\"https:\/\/lesheuresheureuses.be\/index.php\/contact\/#breadcrumb\"},\"inLanguage\":\"fr-FR\",\"potentialAction\":[{\"@type\":\"ReadAction\",\"target\":[\"https:\/\/lesheuresheureuses.be\/index.php\/contact\/\"]}]},{\"@type\":\"BreadcrumbList\",\"@id\":\"https:\/\/lesheuresheureuses.be\/index.php\/contact\/#breadcrumb\",\"itemListElement\":[{\"@type\":\"ListItem\",\"position\":1,\"name\":\"Accueil\",\"item\":\"https:\/\/lesheuresheureuses.be\/\"},{\"@type\":\"ListItem\",\"position\":2,\"name\":\"Contact\"}]},{\"@type\":\"WebSite\",\"@id\":\"https:\/\/lesheuresheureuses.be\/#website\",\"url\":\"https:\/\/lesheuresheureuses.be\/\",\"name\":\"Les heures heureuses\",\"description\":\"\",\"publisher\":{\"@id\":\"https:\/\/lesheuresheureuses.be\/#organization\"},\"potentialAction\":[{\"@type\":\"SearchAction\",\"target\":{\"@type\":\"EntryPoint\",\"urlTemplate\":\"https:\/\/lesheuresheureuses.be\/?s={search_term_string}\"},\"query-input\":{\"@type\":\"PropertyValueSpecification\",\"valueRequired\":true,\"valueName\":\"search_term_string\"}}],\"inLanguage\":\"fr-FR\"},{\"@type\":\"Organization\",\"@id\":\"https:\/\/lesheuresheureuses.be\/#organization\",\"name\":\"Les heures heureuses\",\"url\":\"https:\/\/lesheuresheureuses.be\/\",\"logo\":{\"@type\":\"ImageObject\",\"inLanguage\":\"fr-FR\",\"@id\":\"https:\/\/lesheuresheureuses.be\/#\/schema\/logo\/image\/\",\"url\":\"https:\/\/lesheuresheureuses.be\/wp-content\/uploads\/2023\/03\/Logo-HH.jpeg\",\"contentUrl\":\"https:\/\/lesheuresheureuses.be\/wp-content\/uploads\/2023\/03\/Logo-HH.jpeg\",\"width\":674,\"height\":641,\"caption\":\"Les heures heureuses\"},\"image\":{\"@id\":\"https:\/\/lesheuresheureuses.be\/#\/schema\/logo\/image\/\"}}]}<\/script>\n<!-- \/ Yoast SEO plugin. -->","yoast_head_json":{"title":"Contact | Centre d'accueil de jour situ\u00e9 \u00e0 Ath","description":"Vous souhaitez avoir plus d'information sur notre ASBL Les Heures Heureuses? Contactez-nous d\u00e8s maintenant!","robots":{"index":"index","follow":"follow","max-snippet":"max-snippet:-1","max-image-preview":"max-image-preview:large","max-video-preview":"max-video-preview:-1"},"canonical":"https:\/\/lesheuresheureuses.be\/index.php\/contact\/","og_locale":"fr_FR","og_type":"article","og_title":"Contact | Centre d'accueil de jour situ\u00e9 \u00e0 Ath","og_description":"Vous souhaitez avoir plus d'information sur notre ASBL Les Heures Heureuses? Contactez-nous d\u00e8s maintenant!","og_url":"https:\/\/lesheuresheureuses.be\/index.php\/contact\/","og_site_name":"Les heures heureuses","article_modified_time":"2024-01-03T10:12:44+00:00","twitter_card":"summary_large_image","twitter_misc":{"Dur\u00e9e de lecture estim\u00e9e":"1 minute"},"schema":{"@context":"https:\/\/schema.org","@graph":[{"@type":"WebPage","@id":"https:\/\/lesheuresheureuses.be\/index.php\/contact\/","url":"https:\/\/lesheuresheureuses.be\/index.php\/contact\/","name":"Contact | Centre d'accueil de jour situ\u00e9 \u00e0 Ath","isPartOf":{"@id":"https:\/\/lesheuresheureuses.be\/#website"},"datePublished":"2020-07-20T06:47:06+00:00","dateModified":"2024-01-03T10:12:44+00:00","description":"Vous souhaitez avoir plus d'information sur notre ASBL Les Heures Heureuses? Contactez-nous d\u00e8s maintenant!","breadcrumb":{"@id":"https:\/\/lesheuresheureuses.be\/index.php\/contact\/#breadcrumb"},"inLanguage":"fr-FR","potentialAction":[{"@type":"ReadAction","target":["https:\/\/lesheuresheureuses.be\/index.php\/contact\/"]}]},{"@type":"BreadcrumbList","@id":"https:\/\/lesheuresheureuses.be\/index.php\/contact\/#breadcrumb","itemListElement":[{"@type":"ListItem","position":1,"name":"Accueil","item":"https:\/\/lesheuresheureuses.be\/"},{"@type":"ListItem","position":2,"name":"Contact"}]},{"@type":"WebSite","@id":"https:\/\/lesheuresheureuses.be\/#website","url":"https:\/\/lesheuresheureuses.be\/","name":"Les heures heureuses","description":"","publisher":{"@id":"https:\/\/lesheuresheureuses.be\/#organization"},"potentialAction":[{"@type":"SearchAction","target":{"@type":"EntryPoint","urlTemplate":"https:\/\/lesheuresheureuses.be\/?s={search_term_string}"},"query-input":{"@type":"PropertyValueSpecification","valueRequired":true,"valueName":"search_term_string"}}],"inLanguage":"fr-FR"},{"@type":"Organization","@id":"https:\/\/lesheuresheureuses.be\/#organization","name":"Les heures heureuses","url":"https:\/\/lesheuresheureuses.be\/","logo":{"@type":"ImageObject","inLanguage":"fr-FR","@id":"https:\/\/lesheuresheureuses.be\/#\/schema\/logo\/image\/","url":"https:\/\/lesheuresheureuses.be\/wp-content\/uploads\/2023\/03\/Logo-HH.jpeg","contentUrl":"https:\/\/lesheuresheureuses.be\/wp-content\/uploads\/2023\/03\/Logo-HH.jpeg","width":674,"height":641,"caption":"Les heures heureuses"},"image":{"@id":"https:\/\/lesheuresheureuses.be\/#\/schema\/logo\/image\/"}}]}},"_links":{"self":[{"href":"https:\/\/lesheuresheureuses.be\/index.php\/wp-json\/wp\/v2\/pages\/291","targetHints":{"allow":["GET"]}}],"collection":[{"href":"https:\/\/lesheuresheureuses.be\/index.php\/wp-json\/wp\/v2\/pages"}],"about":[{"href":"https:\/\/lesheuresheureuses.be\/index.php\/wp-json\/wp\/v2\/types\/page"}],"author":[{"embeddable":true,"href":"https:\/\/lesheuresheureuses.be\/index.php\/wp-json\/wp\/v2\/users\/1"}],"replies":[{"embeddable":true,"href":"https:\/\/lesheuresheureuses.be\/index.php\/wp-json\/wp\/v2\/comments?post=291"}],"version-history":[{"count":35,"href":"https:\/\/lesheuresheureuses.be\/index.php\/wp-json\/wp\/v2\/pages\/291\/revisions"}],"predecessor-version":[{"id":1370,"href":"https:\/\/lesheuresheureuses.be\/index.php\/wp-json\/wp\/v2\/pages\/291\/revisions\/1370"}],"wp:attachment":[{"href":"https:\/\/lesheuresheureuses.be\/index.php\/wp-json\/wp\/v2\/media?parent=291"}],"curies":[{"name":"wp","href":"https:\/\/api.w.org\/{rel}","templated":true}]}}