{"id":506,"date":"2023-03-27T15:39:42","date_gmt":"2023-03-27T13:39:42","guid":{"rendered":"https:\/\/lesheuresheureuses.be\/?page_id=506"},"modified":"2026-04-10T12:21:32","modified_gmt":"2026-04-10T10:21:32","slug":"notre-actualite","status":"publish","type":"page","link":"https:\/\/lesheuresheureuses.be\/index.php\/notre-actualite\/","title":{"rendered":"Notre actualit\u00e9"},"content":{"rendered":"\t\t<div data-elementor-type=\"wp-page\" data-elementor-id=\"506\" class=\"elementor elementor-506\">\n\t\t\t\t\t\t<section class=\"elementor-section elementor-top-section elementor-element elementor-element-e07856f elementor-section-boxed elementor-section-height-default elementor-section-height-default\" data-id=\"e07856f\" data-element_type=\"section\" data-settings=\"{&quot;background_background&quot;:&quot;classic&quot;}\">\n\t\t\t\t\t\t\t<div class=\"elementor-background-overlay\"><\/div>\n\t\t\t\t\t\t\t<div class=\"elementor-container elementor-column-gap-no\">\n\t\t\t\t\t<div class=\"elementor-column elementor-col-100 elementor-top-column elementor-element elementor-element-d3338a7\" data-id=\"d3338a7\" data-element_type=\"column\">\n\t\t\t<div class=\"elementor-widget-wrap elementor-element-populated\">\n\t\t\t\t\t\t<div class=\"elementor-element elementor-element-4e4828f elementor-widget elementor-widget-heading\" data-id=\"4e4828f\" data-element_type=\"widget\" data-widget_type=\"heading.default\">\n\t\t\t\t<div class=\"elementor-widget-container\">\n\t\t\t<h1 class=\"elementor-heading-title elementor-size-default\">Nos actualit\u00e9s<\/h1>\t\t<\/div>\n\t\t\t\t<\/div>\n\t\t\t\t\t<\/div>\n\t\t<\/div>\n\t\t\t\t\t<\/div>\n\t\t<\/section>\n\t\t\t\t<section class=\"elementor-section elementor-top-section elementor-element elementor-element-be4d207 elementor-section-boxed elementor-section-height-default elementor-section-height-default\" data-id=\"be4d207\" data-element_type=\"section\">\n\t\t\t\t\t\t<div class=\"elementor-container elementor-column-gap-default\">\n\t\t\t\t\t<div class=\"elementor-column elementor-col-100 elementor-top-column elementor-element elementor-element-f9a8fda\" data-id=\"f9a8fda\" data-element_type=\"column\">\n\t\t\t<div class=\"elementor-widget-wrap elementor-element-populated\">\n\t\t\t\t\t\t<div class=\"elementor-element elementor-element-6333c77 elementor-widget elementor-widget-image\" data-id=\"6333c77\" data-element_type=\"widget\" data-widget_type=\"image.default\">\n\t\t\t\t<div class=\"elementor-widget-container\">\n\t\t\t\t\t\t\t\t\t\t\t\t\t<img decoding=\"async\" src=\"http:\/\/lesheuresheureuses.be\/wp-content\/uploads\/2025\/04\/Video-Presentation-Marche-des-Geants.mp4\" title=\"\" alt=\"\" loading=\"lazy\" \/>\t\t\t\t\t\t\t\t\t\t\t\t\t<\/div>\n\t\t\t\t<\/div>\n\t\t\t\t\t<\/div>\n\t\t<\/div>\n\t\t\t\t\t<\/div>\n\t\t<\/section>\n\t\t\t\t<section class=\"elementor-section elementor-top-section elementor-element elementor-element-9fe7fb3 elementor-section-boxed elementor-section-height-default elementor-section-height-default\" data-id=\"9fe7fb3\" data-element_type=\"section\">\n\t\t\t\t\t\t<div class=\"elementor-container elementor-column-gap-default\">\n\t\t\t\t\t<div class=\"elementor-column elementor-col-50 elementor-top-column elementor-element elementor-element-76c1231\" data-id=\"76c1231\" data-element_type=\"column\">\n\t\t\t<div class=\"elementor-widget-wrap elementor-element-populated\">\n\t\t\t\t\t\t<div class=\"elementor-element elementor-element-175a4f9 elementor-widget elementor-widget-image\" data-id=\"175a4f9\" data-element_type=\"widget\" data-widget_type=\"image.default\">\n\t\t\t\t<div class=\"elementor-widget-container\">\n\t\t\t\t\t\t\t\t\t\t\t\t\t<img fetchpriority=\"high\" decoding=\"async\" width=\"726\" height=\"1024\" src=\"https:\/\/lesheuresheureuses.be\/wp-content\/uploads\/2026\/04\/MARCHE-DES-GEANTS-2026-1-726x1024.jpeg\" class=\"attachment-large size-large wp-image-49642\" alt=\"\" srcset=\"https:\/\/lesheuresheureuses.be\/wp-content\/uploads\/2026\/04\/MARCHE-DES-GEANTS-2026-1-726x1024.jpeg 726w, https:\/\/lesheuresheureuses.be\/wp-content\/uploads\/2026\/04\/MARCHE-DES-GEANTS-2026-1-213x300.jpeg 213w, https:\/\/lesheuresheureuses.be\/wp-content\/uploads\/2026\/04\/MARCHE-DES-GEANTS-2026-1-768x1083.jpeg 768w, https:\/\/lesheuresheureuses.be\/wp-content\/uploads\/2026\/04\/MARCHE-DES-GEANTS-2026-1-1089x1536.jpeg 1089w, https:\/\/lesheuresheureuses.be\/wp-content\/uploads\/2026\/04\/MARCHE-DES-GEANTS-2026-1.jpeg 1198w\" sizes=\"(max-width: 726px) 100vw, 726px\" \/>\t\t\t\t\t\t\t\t\t\t\t\t\t<\/div>\n\t\t\t\t<\/div>\n\t\t\t\t\t<\/div>\n\t\t<\/div>\n\t\t\t\t<div class=\"elementor-column elementor-col-50 elementor-top-column elementor-element elementor-element-65d7050\" data-id=\"65d7050\" data-element_type=\"column\">\n\t\t\t<div class=\"elementor-widget-wrap elementor-element-populated\">\n\t\t\t\t\t\t<div class=\"elementor-element elementor-element-b503e6f elementor-widget elementor-widget-image\" data-id=\"b503e6f\" data-element_type=\"widget\" data-widget_type=\"image.default\">\n\t\t\t\t<div class=\"elementor-widget-container\">\n\t\t\t\t\t\t\t\t\t\t\t\t\t<img decoding=\"async\" width=\"605\" height=\"910\" src=\"https:\/\/lesheuresheureuses.be\/wp-content\/uploads\/2026\/04\/MARCHE-ADEPS-2026.png\" class=\"attachment-large size-large wp-image-49643\" alt=\"\" srcset=\"https:\/\/lesheuresheureuses.be\/wp-content\/uploads\/2026\/04\/MARCHE-ADEPS-2026.png 605w, https:\/\/lesheuresheureuses.be\/wp-content\/uploads\/2026\/04\/MARCHE-ADEPS-2026-199x300.png 199w\" sizes=\"(max-width: 605px) 100vw, 605px\" \/>\t\t\t\t\t\t\t\t\t\t\t\t\t<\/div>\n\t\t\t\t<\/div>\n\t\t\t\t\t<\/div>\n\t\t<\/div>\n\t\t\t\t\t<\/div>\n\t\t<\/section>\n\t\t\t\t<section class=\"elementor-section elementor-top-section elementor-element elementor-element-cbda9cf elementor-section-boxed elementor-section-height-default elementor-section-height-default\" data-id=\"cbda9cf\" data-element_type=\"section\">\n\t\t\t\t\t\t<div class=\"elementor-container elementor-column-gap-default\">\n\t\t\t\t\t<div class=\"elementor-column elementor-col-50 elementor-top-column elementor-element elementor-element-6bef0a2\" data-id=\"6bef0a2\" data-element_type=\"column\">\n\t\t\t<div class=\"elementor-widget-wrap elementor-element-populated\">\n\t\t\t\t\t\t<div class=\"elementor-element elementor-element-786b92b elementor-widget elementor-widget-text-editor\" data-id=\"786b92b\" data-element_type=\"widget\" data-widget_type=\"text-editor.default\">\n\t\t\t\t<div class=\"elementor-widget-container\">\n\t\t\t\t\t\t\t<h4><strong>\u00e0 vos agendas&#8230;<\/strong><\/h4><h4>* MARCHE DES GEANTSJEUDI 4 JUIN 2026 HALL CEVA<\/h4><p>\u00a0<\/p><h4>*MARCHE ADEPS DIMANCHE 14 JUIN 2026 SERVICE DES HEURES HEUREUSES<\/h4>\t\t\t\t\t\t<\/div>\n\t\t\t\t<\/div>\n\t\t\t\t\t<\/div>\n\t\t<\/div>\n\t\t\t\t<div class=\"elementor-column elementor-col-50 elementor-top-column elementor-element elementor-element-72999b9\" data-id=\"72999b9\" data-element_type=\"column\">\n\t\t\t<div class=\"elementor-widget-wrap elementor-element-populated\">\n\t\t\t\t\t\t\t<\/div>\n\t\t<\/div>\n\t\t\t\t\t<\/div>\n\t\t<\/section>\n\t\t\t\t<\/div>\n\t\t","protected":false},"excerpt":{"rendered":"<p>Nos actualit\u00e9s \u00e0 vos agendas&#8230; * MARCHE DES GEANTSJEUDI 4 JUIN 2026 HALL CEVA \u00a0 *MARCHE ADEPS DIMANCHE 14 JUIN 2026 SERVICE DES HEURES HEUREUSES<\/p>\n","protected":false},"author":2,"featured_media":0,"parent":0,"menu_order":0,"comment_status":"closed","ping_status":"closed","template":"","meta":{"site-sidebar-layout":"no-sidebar","site-content-layout":"page-builder","ast-global-header-display":"","ast-main-header-display":"","ast-hfb-above-header-display":"","ast-hfb-below-header-display":"","ast-hfb-mobile-header-display":"","site-post-title":"disabled","ast-breadcrumbs-content":"disabled","ast-featured-img":"disabled","footer-sml-layout":"","theme-transparent-header-meta":"enabled","adv-header-id-meta":"","stick-header-meta":"","header-above-stick-meta":"","header-main-stick-meta":"","header-below-stick-meta":"","footnotes":""},"class_list":["post-506","page","type-page","status-publish","hentry"],"yoast_head":"<!-- This site is optimized with the Yoast SEO plugin v23.7 - https:\/\/yoast.com\/wordpress\/plugins\/seo\/ -->\n<title>Notre actualit\u00e9 | Centre d&#039;accueil de jour situ\u00e9 \u00e0 Ath<\/title>\n<meta name=\"robots\" content=\"index, follow, max-snippet:-1, max-image-preview:large, max-video-preview:-1\" \/>\n<link rel=\"canonical\" href=\"https:\/\/lesheuresheureuses.be\/index.php\/notre-actualite\/\" \/>\n<meta property=\"og:locale\" content=\"fr_FR\" \/>\n<meta property=\"og:type\" content=\"article\" \/>\n<meta property=\"og:title\" content=\"Notre actualit\u00e9 | Centre d&#039;accueil de jour situ\u00e9 \u00e0 Ath\" \/>\n<meta property=\"og:description\" content=\"Nos actualit\u00e9s \u00e0 vos agendas&#8230; * MARCHE DES GEANTSJEUDI 4 JUIN 2026 HALL CEVA \u00a0 *MARCHE ADEPS DIMANCHE 14 JUIN 2026 SERVICE DES HEURES HEUREUSES\" \/>\n<meta property=\"og:url\" content=\"https:\/\/lesheuresheureuses.be\/index.php\/notre-actualite\/\" \/>\n<meta property=\"og:site_name\" content=\"Les heures heureuses\" \/>\n<meta property=\"article:modified_time\" content=\"2026-04-10T10:21:32+00:00\" \/>\n<meta property=\"og:image\" content=\"http:\/\/lesheuresheureuses.be\/wp-content\/uploads\/2025\/04\/Video-Presentation-Marche-des-Geants.mp4\" \/>\n<meta name=\"twitter:card\" content=\"summary_large_image\" \/>\n<meta name=\"twitter:label1\" content=\"Dur\u00e9e de lecture estim\u00e9e\" \/>\n\t<meta name=\"twitter:data1\" content=\"1 minute\" \/>\n<script type=\"application\/ld+json\" class=\"yoast-schema-graph\">{\"@context\":\"https:\/\/schema.org\",\"@graph\":[{\"@type\":\"WebPage\",\"@id\":\"https:\/\/lesheuresheureuses.be\/index.php\/notre-actualite\/\",\"url\":\"https:\/\/lesheuresheureuses.be\/index.php\/notre-actualite\/\",\"name\":\"Notre actualit\u00e9 | Centre d'accueil de jour situ\u00e9 \u00e0 Ath\",\"isPartOf\":{\"@id\":\"https:\/\/lesheuresheureuses.be\/#website\"},\"primaryImageOfPage\":{\"@id\":\"https:\/\/lesheuresheureuses.be\/index.php\/notre-actualite\/#primaryimage\"},\"image\":{\"@id\":\"https:\/\/lesheuresheureuses.be\/index.php\/notre-actualite\/#primaryimage\"},\"thumbnailUrl\":\"http:\/\/lesheuresheureuses.be\/wp-content\/uploads\/2025\/04\/Video-Presentation-Marche-des-Geants.mp4\",\"datePublished\":\"2023-03-27T13:39:42+00:00\",\"dateModified\":\"2026-04-10T10:21:32+00:00\",\"breadcrumb\":{\"@id\":\"https:\/\/lesheuresheureuses.be\/index.php\/notre-actualite\/#breadcrumb\"},\"inLanguage\":\"fr-FR\",\"potentialAction\":[{\"@type\":\"ReadAction\",\"target\":[\"https:\/\/lesheuresheureuses.be\/index.php\/notre-actualite\/\"]}]},{\"@type\":\"ImageObject\",\"inLanguage\":\"fr-FR\",\"@id\":\"https:\/\/lesheuresheureuses.be\/index.php\/notre-actualite\/#primaryimage\",\"url\":\"http:\/\/lesheuresheureuses.be\/wp-content\/uploads\/2025\/04\/Video-Presentation-Marche-des-Geants.mp4\",\"contentUrl\":\"http:\/\/lesheuresheureuses.be\/wp-content\/uploads\/2025\/04\/Video-Presentation-Marche-des-Geants.mp4\"},{\"@type\":\"BreadcrumbList\",\"@id\":\"https:\/\/lesheuresheureuses.be\/index.php\/notre-actualite\/#breadcrumb\",\"itemListElement\":[{\"@type\":\"ListItem\",\"position\":1,\"name\":\"Accueil\",\"item\":\"https:\/\/lesheuresheureuses.be\/\"},{\"@type\":\"ListItem\",\"position\":2,\"name\":\"Notre actualit\u00e9\"}]},{\"@type\":\"WebSite\",\"@id\":\"https:\/\/lesheuresheureuses.be\/#website\",\"url\":\"https:\/\/lesheuresheureuses.be\/\",\"name\":\"Les heures heureuses\",\"description\":\"\",\"publisher\":{\"@id\":\"https:\/\/lesheuresheureuses.be\/#organization\"},\"potentialAction\":[{\"@type\":\"SearchAction\",\"target\":{\"@type\":\"EntryPoint\",\"urlTemplate\":\"https:\/\/lesheuresheureuses.be\/?s={search_term_string}\"},\"query-input\":{\"@type\":\"PropertyValueSpecification\",\"valueRequired\":true,\"valueName\":\"search_term_string\"}}],\"inLanguage\":\"fr-FR\"},{\"@type\":\"Organization\",\"@id\":\"https:\/\/lesheuresheureuses.be\/#organization\",\"name\":\"Les heures heureuses\",\"url\":\"https:\/\/lesheuresheureuses.be\/\",\"logo\":{\"@type\":\"ImageObject\",\"inLanguage\":\"fr-FR\",\"@id\":\"https:\/\/lesheuresheureuses.be\/#\/schema\/logo\/image\/\",\"url\":\"https:\/\/lesheuresheureuses.be\/wp-content\/uploads\/2023\/03\/Logo-HH.jpeg\",\"contentUrl\":\"https:\/\/lesheuresheureuses.be\/wp-content\/uploads\/2023\/03\/Logo-HH.jpeg\",\"width\":674,\"height\":641,\"caption\":\"Les heures heureuses\"},\"image\":{\"@id\":\"https:\/\/lesheuresheureuses.be\/#\/schema\/logo\/image\/\"}}]}<\/script>\n<!-- \/ Yoast SEO plugin. -->","yoast_head_json":{"title":"Notre actualit\u00e9 | Centre d'accueil de jour situ\u00e9 \u00e0 Ath","robots":{"index":"index","follow":"follow","max-snippet":"max-snippet:-1","max-image-preview":"max-image-preview:large","max-video-preview":"max-video-preview:-1"},"canonical":"https:\/\/lesheuresheureuses.be\/index.php\/notre-actualite\/","og_locale":"fr_FR","og_type":"article","og_title":"Notre actualit\u00e9 | Centre d'accueil de jour situ\u00e9 \u00e0 Ath","og_description":"Nos actualit\u00e9s \u00e0 vos agendas&#8230; * MARCHE DES GEANTSJEUDI 4 JUIN 2026 HALL CEVA \u00a0 *MARCHE ADEPS DIMANCHE 14 JUIN 2026 SERVICE DES HEURES HEUREUSES","og_url":"https:\/\/lesheuresheureuses.be\/index.php\/notre-actualite\/","og_site_name":"Les heures heureuses","article_modified_time":"2026-04-10T10:21:32+00:00","og_image":[{"url":"http:\/\/lesheuresheureuses.be\/wp-content\/uploads\/2025\/04\/Video-Presentation-Marche-des-Geants.mp4"}],"twitter_card":"summary_large_image","twitter_misc":{"Dur\u00e9e de lecture estim\u00e9e":"1 minute"},"schema":{"@context":"https:\/\/schema.org","@graph":[{"@type":"WebPage","@id":"https:\/\/lesheuresheureuses.be\/index.php\/notre-actualite\/","url":"https:\/\/lesheuresheureuses.be\/index.php\/notre-actualite\/","name":"Notre actualit\u00e9 | Centre d'accueil de jour situ\u00e9 \u00e0 Ath","isPartOf":{"@id":"https:\/\/lesheuresheureuses.be\/#website"},"primaryImageOfPage":{"@id":"https:\/\/lesheuresheureuses.be\/index.php\/notre-actualite\/#primaryimage"},"image":{"@id":"https:\/\/lesheuresheureuses.be\/index.php\/notre-actualite\/#primaryimage"},"thumbnailUrl":"http:\/\/lesheuresheureuses.be\/wp-content\/uploads\/2025\/04\/Video-Presentation-Marche-des-Geants.mp4","datePublished":"2023-03-27T13:39:42+00:00","dateModified":"2026-04-10T10:21:32+00:00","breadcrumb":{"@id":"https:\/\/lesheuresheureuses.be\/index.php\/notre-actualite\/#breadcrumb"},"inLanguage":"fr-FR","potentialAction":[{"@type":"ReadAction","target":["https:\/\/lesheuresheureuses.be\/index.php\/notre-actualite\/"]}]},{"@type":"ImageObject","inLanguage":"fr-FR","@id":"https:\/\/lesheuresheureuses.be\/index.php\/notre-actualite\/#primaryimage","url":"http:\/\/lesheuresheureuses.be\/wp-content\/uploads\/2025\/04\/Video-Presentation-Marche-des-Geants.mp4","contentUrl":"http:\/\/lesheuresheureuses.be\/wp-content\/uploads\/2025\/04\/Video-Presentation-Marche-des-Geants.mp4"},{"@type":"BreadcrumbList","@id":"https:\/\/lesheuresheureuses.be\/index.php\/notre-actualite\/#breadcrumb","itemListElement":[{"@type":"ListItem","position":1,"name":"Accueil","item":"https:\/\/lesheuresheureuses.be\/"},{"@type":"ListItem","position":2,"name":"Notre actualit\u00e9"}]},{"@type":"WebSite","@id":"https:\/\/lesheuresheureuses.be\/#website","url":"https:\/\/lesheuresheureuses.be\/","name":"Les heures heureuses","description":"","publisher":{"@id":"https:\/\/lesheuresheureuses.be\/#organization"},"potentialAction":[{"@type":"SearchAction","target":{"@type":"EntryPoint","urlTemplate":"https:\/\/lesheuresheureuses.be\/?s={search_term_string}"},"query-input":{"@type":"PropertyValueSpecification","valueRequired":true,"valueName":"search_term_string"}}],"inLanguage":"fr-FR"},{"@type":"Organization","@id":"https:\/\/lesheuresheureuses.be\/#organization","name":"Les heures heureuses","url":"https:\/\/lesheuresheureuses.be\/","logo":{"@type":"ImageObject","inLanguage":"fr-FR","@id":"https:\/\/lesheuresheureuses.be\/#\/schema\/logo\/image\/","url":"https:\/\/lesheuresheureuses.be\/wp-content\/uploads\/2023\/03\/Logo-HH.jpeg","contentUrl":"https:\/\/lesheuresheureuses.be\/wp-content\/uploads\/2023\/03\/Logo-HH.jpeg","width":674,"height":641,"caption":"Les heures heureuses"},"image":{"@id":"https:\/\/lesheuresheureuses.be\/#\/schema\/logo\/image\/"}}]}},"_links":{"self":[{"href":"https:\/\/lesheuresheureuses.be\/index.php\/wp-json\/wp\/v2\/pages\/506","targetHints":{"allow":["GET"]}}],"collection":[{"href":"https:\/\/lesheuresheureuses.be\/index.php\/wp-json\/wp\/v2\/pages"}],"about":[{"href":"https:\/\/lesheuresheureuses.be\/index.php\/wp-json\/wp\/v2\/types\/page"}],"author":[{"embeddable":true,"href":"https:\/\/lesheuresheureuses.be\/index.php\/wp-json\/wp\/v2\/users\/2"}],"replies":[{"embeddable":true,"href":"https:\/\/lesheuresheureuses.be\/index.php\/wp-json\/wp\/v2\/comments?post=506"}],"version-history":[{"count":128,"href":"https:\/\/lesheuresheureuses.be\/index.php\/wp-json\/wp\/v2\/pages\/506\/revisions"}],"predecessor-version":[{"id":49646,"href":"https:\/\/lesheuresheureuses.be\/index.php\/wp-json\/wp\/v2\/pages\/506\/revisions\/49646"}],"wp:attachment":[{"href":"https:\/\/lesheuresheureuses.be\/index.php\/wp-json\/wp\/v2\/media?parent=506"}],"curies":[{"name":"wp","href":"https:\/\/api.w.org\/{rel}","templated":true}]}}